the units digit of c?
8
Let y = 659 + -479. What is the hundreds digit of y?
1
Suppose 4*v - 5*g - 6 = 0, v - 3*g + 18 = 4*v. Suppose 101 = -v*j + 329. What is the units digit of j?
7
What is the units digit of (21/49)/(9/63)?
3
Suppose 0 = 4*l + 4*y - 10208, -46*l + 41*l + 2*y + 12774 = 0. What is the units digit of l?
4
Suppose 2 = -3*f - 7, -2*k + 15 = -3*f. Suppose -k*z - 30 = -2*w, 3*z + 2*w + 30 = -2*w. Let h = 8 - z. What is the units digit of h?
8
Let o be (-1 - -8) + (-1 - -4 - 6). Suppose t = -2*t. Let d = o + t. What is the units digit of d?
4
Let h(l) = l**3 - 10*l**2 - 2*l + 9. Let y be h(8). Let v = y - -202. What is the units digit of v?
7
Let u(x) be the first derivative of x**3/3 + 5*x**2 + 16*x + 13. What is the tens digit of u(-14)?
7
Let o be 36/((-27)/(-6)*(-2)/78). Let t = -98 - o. What is the tens digit of t?
1
Let k = 51 + -36. Let j be (-428)/60 + 2/k. What is the tens digit of 114/2 - (j + 8)?
5
Let k(v) = -9*v - 6*v + 14*v + 12. Suppose u = 3*d + 50, 4*d - u + 67 = -0*d. What is the units digit of k(d)?
9
What is the tens digit of 2/(-2)*(-202 - 18)?
2
Let z = 13 - 9. Let w(c) = c**2 - 4*c + 3. Let r be w(z). Suppose r*h + 34 - 79 = 0. What is the tens digit of h?
1
Let a(d) = -d**3 + 7*d**2 - 3. Let u be a(7). What is the units digit of 4/((-1)/36*u)?
8
What is the units digit of ((-232)/(-1))/(-4)*-1?
8
Suppose 13*z = -932 - 1226. Let t = z - -289. What is the tens digit of t?
2
Let m = -91 - -96. Suppose -4*s = 3*j + s - 486, -4*j + 613 = -m*s. What is the hundreds digit of j?
1
Suppose -2*b - 2*w + 24 = 0, -17 = -5*b - w + 31. Suppose 2*j = -9 + 31. Let f = b + j. What is the tens digit of f?
2
Suppose -281*a + 267*a = -252. What is the tens digit of a?
1
Let j = 73 - 29. Let y = 91 - j. What is the units digit of y?
7
Suppose -4365 = 84*a - 89*a. What is the hundreds digit of a?
8
Let z(d) = 7*d**3 + 4*d**2 + 4*d - 8. Let n be z(4). Let i = -280 + n. What is the units digit of i?
0
Suppose 659*d + 35020 = 669*d. What is the tens digit of d?
0
Suppose 93*a = 107*a - 2380. What is the tens digit of a?
7
Let f = -11 - 4. Let a = f - -17. What is the units digit of a?
2
Let j(m) = -2*m**3 + 18*m**2 + 53*m - 6. What is the hundreds digit of j(-7)?
1
Suppose -2864 = -7*h + 5844. What is the hundreds digit of h?
2
What is the tens digit of 8/(-128) - (-1474)/32?
4
Let d(o) = o**2 - 2*o**2 + 2*o**2 - 7*o**3 + 8*o**3 + 2. Let c be d(0). Suppose 63 = c*w + 5*y, 5*w - 73 = 4*y + 35. What is the tens digit of w?
2
Let n(x) = -144*x + 1. Let o be n(-1). Let r(t) = t**3 + 13*t**2 - 3*t - 84. Let g be r(-12). Let f = o - g. What is the units digit of f?
9
What is the hundreds digit of ((-798)/(-5))/(17/85)?
7
Let b(z) = 2*z**3 - 2*z**2 - 3. Let k(f) = -f**3 - 2*f**2 + 4*f + 5. Suppose t - 3*t = 6. Let j be k(t). What is the units digit of b(j)?
5
Suppose -11096 = -4*v - 4*a, -11*v + 5554 = -9*v + 4*a. What is the units digit of v?
1
Suppose -3*f = -24 - 102. Let y = f + 63. What is the units digit of y?
5
Let p be (-4)/1 - (-72)/2. Suppose 4*z - k = -4*k + 4, 3*k + p = 5*z. Suppose -z*h - s = s - 74, 21 = h + 3*s. What is the tens digit of h?
1
Suppose c - 4*k + 0*k = -289, -1219 = 4*c + 5*k. Let u = -161 - c. What is the hundreds digit of u?
1
Let n = 1086 - -210. What is the hundreds digit of n?
2
Suppose -3024 = 5*y - 17*y. What is the tens digit of y?
5
Let z = -73 + 154. Suppose -b - z = -5*t + 46, -t - 3*b = -19. What is the tens digit of t?
2
Suppose -72380 = -36*t - 11*t. What is the units digit of t?
0
Suppose c - 85 = 88. Let m = c - -38. Suppose m = 4*w + 79. What is the units digit of w?
3
Let s = 129 + -109. Suppose -3*r = 3*u - 5*r - 8, -3*r = 3*u - 3. Suppose u*j = -2*j + s. What is the units digit of j?
5
Suppose -4*i + 6756 = 4*h, -2*i = -25 + 19. What is the thousands digit of h?
1
Suppose 52*k = 49*k. What is the tens digit of (k - 164/(-20))/(1/5)?
4
Let t = -22 + 22. Suppose t = 3*m + 5*m - 728. What is the tens digit of m?
9
Let n(m) = -38*m. Let v be n(2). Let f = -51 - v. What is the tens digit of f?
2
Let b = 6 - 6. What is the units digit of (2 - b - -9)/1?
1
Suppose 35 = 4*z + 15. Suppose 3 = z*m - 7. Let b = m - -6. What is the units digit of b?
8
Let d(p) = -2*p - 6. Let k be (-8)/10*(10 - 5). Let f be d(k). What is the units digit of 16/(f - (-4)/(-3))?
4
Let x be (-6 - (0 - 6))/(2 - -1). Suppose 3*j - 113 = -2*a, -2*a - a - 4*j + 171 = x. What is the units digit of a?
1
Suppose -46*l + 56*l = 510. What is the tens digit of l?
5
Let z(h) = -h**3 - 19*h**2 - 22*h - 14. Let o(w) = 21*w + 3. Let x be o(-1). What is the units digit of z(x)?
8
Let h(a) = -10*a - 15*a + 10*a + 4 - a**2. Let v be h(-9). Let z = -36 + v. What is the tens digit of z?
2
Let l be 1/((-3)/12) + -1. Let q = -1 - l. Suppose -q*d - 7 = -19. What is the units digit of d?
3
Suppose -280 = -2*s + 3*h, 0 = -2*s + 2*h - 154 + 430. What is the tens digit of s?
3
Suppose -k - 3*s + 500 = 0, 5*s = -k - 24 + 518. What is the hundreds digit of k?
5
Suppose 13*w + 140 - 10449 = 0. What is the units digit of w?
3
Suppose -368 = -9*c + 5*c. Suppose -2*x + a + c = x, 36 = x + a. What is the units digit of x?
2
What is the units digit of (-215592)/(-117)*6/8?
2
Suppose n - 5*n = -60. Let i = n + -11. Suppose 4*g = -3*r + r + 52, 3*g = i*r + 17. What is the units digit of g?
1
Let a(j) = j**2 + 10*j + 23. What is the tens digit of a(-42)?
6
Suppose 5*h = 3*o - 132 + 420, 0 = -o + 2*h - 95. Let p = o - -161. What is the units digit of p?
0
Suppose 4*q + 0*q + 18 = 2*l, 2*l + 6 = 0. Let m(w) = 4*w - 3 + 1 + 9*w**2 - 4 - 8*w**2. What is the units digit of m(q)?
6
Suppose -19 = -4*x + 577. What is the hundreds digit of x?
1
Let c = -84 - 94. Let t = -67 - c. What is the units digit of t?
1
Let a be (-15)/(-35) + (-44)/(-28). Suppose -a*x - 171 = -3*p + x, -5*p - 2*x + 271 = 0. What is the units digit of p?
5
Suppose 4*l + 2 = 5*l. Suppose 2*p = 3*p - 3, 746 = 5*f + l*p. What is the hundreds digit of f?
1
Let g(h) = 9*h**2 - 3*h. Let z be g(2). Let p = 13 + z. What is the units digit of p?
3
Let c be (-7)/(-21) + 35/3. Let f = c - 8. Suppose -f*v = -22 - 130. What is the tens digit of v?
3
Suppose 4 = 3*q - 2. Suppose -122 = -q*a - 0*a. What is the units digit of a?
1
Let v(q) = 4*q + 114. What is the hundreds digit of v(9)?
1
Let k(m) be the first derivative of m**4/4 + m**3/3 + m**2/2 - m - 12. What is the tens digit of k(2)?
1
Let h be 5/(45/(-12))*1494/(-4). Suppose x + 852 = 7*z - 2*z, -h = -3*z + 5*x. What is the tens digit of z?
7
Let u = 896 + -531. Let j = u - 171. What is the hundreds digit of j?
1
Let j(o) = -o**3 - 4*o**2 - 2*o - 8. Let m be j(-6). Let w = m + 4. What is the units digit of w?
0
Let r(l) = -3*l**2 - 76*l + 33. What is the units digit of r(-17)?
8
Let p be 14/6 - 7/21. Suppose 148 = p*u - 0*u. What is the tens digit of u?
7
Let k(w) = -484*w - 8. What is the tens digit of k(-2)?
6
Suppose -416 = 9*d - 1046. Let v = d - 42. What is the tens digit of v?
2
Suppose 2*h + 3*w + 7 = 0, -5*h - 2*w - 6 = -6*w. What is the units digit of 18 + 5 + -2 + h?
9
Suppose -1012 - 1268 = -6*v. What is the units digit of v?
0
Let v(d) = d**3 - 2*d**2 - d - 2. Let f be v(3). Let k(t) = 2*t**3 - 3*t**2 - 4*t + 11. What is the tens digit of k(f)?
7
Let c(q) = -q**3 - 6*q**2 - 5*q + 3. Let r(k) = k**2 + 7*k + 5. Let a be r(-5). Let m be c(a). Suppose 0*s - 126 = -m*s. What is the tens digit of s?
4
Let c = 3283 + -2155. What is the tens digit of c?
2
Suppose 4*l = 2*n - 284, -3*n + 440 = 5*l - 41. Let a = n + -25. What is the units digit of a?
7
Let h(k) = -3*k - 12. Let u be h(-5). Suppose 0*w - u*v + 29 = 5*w, -3*v = 4*w - 25. Suppose w*j = -3*c - c + 148, 2*c - 73 = -j. What is the units digit of c?
6
Let c = -46 - 70. Let g = 185 + c. What is the tens digit of g?
6
Let j be 8/(-6)*39/13. What is the hundreds digit of (-2598)/(-8) - j/16?
3
Suppose 3*x = 8*x. Suppose -9*y = -954 - x. What is the units digit of y?
6
Suppose -y = -5*m + 71, -3*y - 16 = -2*m + 2. Suppose -42 = -4*n - s, -5*n + 54 = 4*s - 2*s. What is the units digit of 206/n - (-6)/m?
1
Let v = -22 - -25. Suppose v*t + 243 = 12*t. What is the tens digit of t?
2
Let t(d) = 3*d + 100. Let a be t(-40). Suppose 2*b + i = -3*b + 45, 4*b - 7 = 5*i. What is the tens digit of b/3*(